 b.
2, 5, 37
Suppose -275712 = 169*v - 217*v. List the prime factors of v.
2, 359
Let q(d) = 8*d**2 + 7*d + 18. Let c be q(-6). Let r = 26 - 14. Suppose -r*j = -8*j - c. What are the prime factors of j?
2, 3, 11
Suppose 68*w - 77653 = w. List the prime factors of w.
19, 61
Let r(x) = -x**2 + 20*x - 10. Suppose -2*s - 2 = 0, -s = -5*k + 34 + 12. List the prime factors of r(k).
89
Let p = 12 + -10. Let q be 2*(0 - (0 - p)). Suppose 0 = q*h - 19 - 13. List the prime factors of h.
2
Let s = 14 - 21. Let z(a) = -2*a + 15. List the prime factors of z(s).
29
Suppose 264 = w + 2*w + 3*f, -3*f - 176 = -2*w. Suppose 3*g + 1 + 5 = 0, -4*g - w = -2*d. List the prime factors of d.
2, 5
Suppose u - 10 = -5*y, 4*y - 2 = 2. Suppose 0 = -3*j + j, -u*z - 5*j = 15. Let k = z - -7. List the prime factors of k.
2
Suppose 71 = 3*j + 2*l, -4*j - 3*l + 82 = -11. Suppose -4*o + 433 = -j. What are the prime factors of o?
5, 23
Let p(a) = 16*a - 594. List the prime factors of p(49).
2, 5, 19
Let k be (-1092)/(-8) - 3/6. Suppose 4*g - 64 = -2*c, 5*c + g - k = 42. List the prime factors of c.
2, 3
Suppose 7*s = 11*s - 2960. List the prime factors of s.
2, 5, 37
Let i(z) be the first derivative of 5*z**4/2 - 2*z**3/3 + z**2/2 - 3*z - 14. What are the prime factors of i(2)?
71
Suppose 6*o + o = 28. Let t(d) = 5*d**3 - 5*d**2 + 2*d + 10. What are the prime factors of t(o)?
2, 3, 43
Let c be (1 - 1) + (-6)/(-2). Suppose 4 = -u - 3*k - 7, -c*u + k + 17 = 0. Suppose -u*y + 2 = -34. List the prime factors of y.
3
Let t = 33 + -27. Let r(w) be the third derivative of -w**5/60 + 7*w**4/24 - 2*w**2. What are the prime factors of r(t)?
2, 3
Let m be ((-105)/(-14))/(3/6). Let b(t) be the second derivative of t**4/12 - 2*t**3 - 5*t**2 - 6*t. List the prime factors of b(m).
5, 7
Let k(p) = 4*p**2. Let c(d) = -d**2 - 15*d + 16. Let r be c(-16). Let m = 2 + r. List the prime factors of k(m).
2
Let b = 41 + -111. Let p = b - -120. What are the prime factors of p?
2, 5
Let s be (-19)/(-3 - (-3 - 1)). Let h = 50 + s. What are the prime factors of h?
31
Let v(c) = -c**2 - 8*c - 9. Suppose 6*s - 2*s + 24 = 0. Let u be v(s). Suppose 3*b - 49 = q, u*b - 2*q + 3*q = 47. List the prime factors of b.
2
Let k be 3 + 3 - (-3 + 6). Suppose -k*w + 60 + 123 = 0. Suppose i + w = -4*o + 157, 4*o = i + 96. What are the prime factors of o?
2, 3
Suppose -6*d + 4*d + 27 = 5*v, 3*v - 18 = -3*d. Let a(h) = -h - v + 5*h - 2*h - 3*h. List the prime factors of a(-13).
2
Let f(y) = -y**3 - 2*y**2 + 2*y + 22. What are the prime factors of f(-7)?
11, 23
Let z be 15/(-2)*16/(-24). Let t(x) = 3*x - 2. Let f(a) = a. Let v(c) = 6*f(c) - t(c). What are the prime factors of v(z)?
17
Let s = -168 + 243. Suppose s + 235 = 5*l. Suppose -g + 3*h + 39 = 0, 0 = 5*g + 4*h + l - 181. List the prime factors of g.
3
Suppose -2*u + d = 16 - 209, -2*u + 187 = d. Let h = u + -55. List the prime factors of h.
2, 5
Let f = 1271 + -499. List the prime factors of f.
2, 193
Suppose -2*v - 2895 = -3*x - 6*v, 0 = -5*v. Suppose 12*t - x = 7*t. List the prime factors of t.
193
Suppose 0 = -5*j + 4*i + 7831, -i + 4*i = 4*j - 6264. What are the prime factors of j?
3, 521
Suppose 0 = -26*m - 6*m + 40736. What are the prime factors of m?
19, 67
Let d = -1273 + 2305. Suppose d = 10*m - 168. List the prime factors of m.
2, 3, 5
Suppose 20*r = 101*r - 94527. What are the prime factors of r?
3, 389
Suppose y = 4*k - 21, -2*y - 3*y - 25 = -4*k. Let u be ((-6)/(-21))/(k/70). Suppose 0 = -3*t, -t = 5*s + u*t - 210. List the prime factors of s.
2, 3, 7
Let h be -4 + (-5 - -4 - -6). Let n be 29 - ((-5)/h + 3). Suppose -n - 89 = -3*l. List the prime factors of l.
2, 5
Let l be (-44)/(-3*(-4)/(-18)). Let f = 10 + -47. Let j = f + l. What are the prime factors of j?
29
What are the prime factors of (-12)/(-9) + 36092/21?
2, 5, 43
Suppose 5*k + 3 = 43. Suppose -3*l - k + 365 = 0. What are the prime factors of l?
7, 17
Let y = 24 + -21. Suppose -3*i + 53 = 3*x - 10, 2*x - y*i = 47. What are the prime factors of x?
2, 11
Let x(r) = r**2 + 4*r. Let q be x(-5). Suppose 4*g + q*i = 8, -3*g - 3*i = -4*i - 6. List the prime factors of g.
2
Let g(i) = 7*i - 3*i - 7 - 2*i - 4*i - i**3 - 14*i**2. List the prime factors of g(-14).
3, 7
Let w = -28 + 48. Suppose -2*z + 15 = z - 3*t, 0 = z - 2*t - 5. Suppose 145 - w = z*r. List the prime factors of r.
5
Suppose 1 = -n + 4. Suppose 1 = 3*z - 5*d - n, -5*z - 40 = d. List the prime factors of (-2)/z + (-934)/(-14).
67
Suppose 5*p + 6*x - 62 = 4*x, -x - 74 = -5*p. Let b = 37 - p. What are the prime factors of b?
23
Let h(q) = -q**3 - 22*q**2 + 42*q - 85. What are the prime factors of h(-25)?
2, 5, 37
Let k = 55 - 52. Suppose -13 + 55 = k*f. What are the prime factors of f?
2, 7
List the prime factors of (23604/(-210))/(2/35*-1).
7, 281
Let w = -3 + 8. Let b(t) = t**3 + 30*t**2 + 53*t - 30. Let d be b(-28). Suppose -d = -7*q + w*q. List the prime factors of q.
3
Let n(x) = -7*x**3 - x**2 - 13*x - 13. Let d be n(-1). Let z(p) be the second derivative of 4*p**3/3 - 7*p**2 + p. List the prime factors of z(d).
2, 17
Let k be 10/25*5*1. Suppose -4*r + 70 = -k*m, r + 53 = 3*r + 5*m. Suppose -r = -4*j + 121. List the prime factors of j.
5, 7
List the prime factors of ((-1)/2)/(29/(-35670)).
3, 5, 41
Let r(j) = -j**3 + 5*j**2 - 5*j + 3. Let s be r(3). What are the prime factors of (1028/10)/(s/15)?
257
Suppose 23*g = 18*g + 10. What are the prime factors of 4/(-16)*-8*193/g?
193
Let z(u) = 2*u**2 + 21*u - 12. Suppose 4*r - 4*v = -72, 2*v - 35 = -4*r - 89. What are the prime factors of z(r)?
3, 41
Let w(i) be the third derivative of i**6/120 + 13*i**5/60 + 13*i**4/24 + 7*i**3/3 - 4*i**2. What are the prime factors of w(-12)?
2
Let s(u) = 2*u**2 + 21*u - 4. Let c be s(-12). Suppose 453 = 5*d - c. What are the prime factors of d?
97
List the prime factors of ((-1492)/(-10))/(-4*(-2)/40).
2, 373
Suppose 2 = 3*c + 32. Let x = 19 - c. List the prime factors of x.
29
Let v = 9 - -400. What are the prime factors of v?
409
Suppose -3*o = -4*l + 69 + 97, -5*l + 3*o + 206 = 0. Let v be (-40)/(-6)*48/l. What are the prime factors of (-4 + 20/v)*-2?
3
What are the prime factors of ((-4)/(-14))/((-11)/(-21406))?
2, 139
Suppose 4251*b = 4258*b - 39270. List the prime factors of b.
2, 3, 5, 11, 17
Suppose 0 = z + 2*z + 69. Let o = 36 + z. Suppose -8*s - 10 = -o*s. List the prime factors of s.
2
Suppose -62*a + 8*a + 44064 = 0. What are the prime factors of a?
2, 3, 17
Let z = 1461 + -29. What are the prime factors of z?
2, 179
Let s = 4 - -34. Let w = s + 7. What are the prime factors of w?
3, 5
Let i(a) = a**3 - 9*a**2 - 12*a + 12. Let o be i(10). Let b be (o + 9/3)/(-1). Suppose -54 = -b*l - 2*v, 13 + 20 = 2*l - 3*v. List the prime factors of l.
2, 3
Let b(m) = 19*m**2 - 4*m + 1. Let q be b(3). Suppose -q = -7*o + 148. What are the prime factors of o?
2, 11
Let d(z) = z**2 + 6*z + 6. Let n be d(-4). List the prime factors of (-2)/(-5)*n*(-25)/2.
2, 5
Let a(m) = 9*m**2 + 3*m + 1. Let z be a(-1). Let f = -4 + z. What are the prime factors of f?
3
Let u = 913 - 467. List the prime factors of u.
2, 223
Suppose 0 = -5*j - 4*u - 145, 2*u - 6*u = 2*j + 70. Let m = 65 - 24. Let z = j + m. What are the prime factors of z?
2
Let q be 7 + -3 - 4 - -1. List the prime factors of q/4 - (-347)/4.
3, 29
Let q = -12 + 18. Suppose -3*a = q, 2*x + 1 = 3*x + 5*a. What are the prime factors of x?
11
Suppose c + 144 = 4*l, -2*c - 2*l = 3*l + 314. Let x = 247 + c. Suppose 0 = 3*r - 64 - x. What are the prime factors of r?
53
Let a = 0 + -29. Let s = -4 + a. What are the prime factors of (s/4)/(5/(-20))?
3, 11
Let q be ((-20)/30)/(1/((-15)/2)). What are the prime factors of 3/q - (-4 - 604/10)?
5, 13
Let d(f) = f**2 + 7*f - 3. Let u = -17 + 22. List the prime factors of d(u).
3, 19
Let v be (-6)/15*5*-35. Suppose -v + 350 = 5*t. What are the prime factors of t?
2, 7
Let r = -61 + 42. Let k be -2 + -1*(6 + -4) - 35. Let f = r - k. List the prime factors of f.
2, 5
Suppose 11*q = 10*q + 1452. List the prime factors of q.
2, 3, 11
Suppose -2*k + 5 = -g, 1 = 3*k - 11. Suppose -2*y + 380 = g*s + 3*y, -y = -2*s + 249. Suppose 0*d + 5*d - s = 0. List the prime factors of d.
5
Let i(g) = g**2 + 6*g. Suppose -6*p + 2*p - 28 = 0. Let j be i(p). Let k = 38 - j. What are the prim